{"id":834,"date":"2024-05-20T14:44:46","date_gmt":"2024-05-20T12:44:46","guid":{"rendered":"https:\/\/detox-ton-stock.org\/?post_type=product&#038;p=834"},"modified":"2024-05-22T10:14:49","modified_gmt":"2024-05-22T08:14:49","slug":"invalides","status":"publish","type":"product","link":"https:\/\/detox-ton-stock.org\/index.php\/produit\/invalides\/","title":{"rendered":"INVALIDES"},"content":{"rendered":"<p>Top INVALIDES r\u00e9alis\u00e9 \u00e0 partir de la d\u00e9construction de pantalons homme de l\u2019uniforme RATP. Encolure bateau. Incrustation d\u2019une cravate ray\u00e9e RATP uniforme homme d\u00e9coup\u00e9e au laser sur le devant pour un effet de transparence. Petites manches agr\u00e9ment\u00e9es de cravates RATP d\u00e9coup\u00e9es au laser. Finition couture. (Pantalons homme de l\u2019uniforme RATP et cravate uniforme homme RATP)<\/p>\n","protected":false},"excerpt":{"rendered":"<p>Top INVALIDES r\u00e9alis\u00e9 \u00e0 partir de la d\u00e9construction de pantalons homme de l\u2019uniforme RATP. Encolure bateau. Incrustation d\u2019une cravate ray\u00e9e RATP uniforme homme d\u00e9coup\u00e9e au laser sur le devant pour un effet de transparence. Petites manches agr\u00e9ment\u00e9es de cravates RATP d\u00e9coup\u00e9es au laser. Finition couture. (Pantalons homme de l\u2019uniforme RATP et cravate uniforme homme RATP)<\/p>\n","protected":false},"featured_media":835,"template":"","meta":{"_acf_changed":false,"_et_pb_use_builder":"","_et_pb_old_content":"","_et_gb_content_width":""},"product_brand":[],"product_cat":[39],"product_tag":[],"class_list":{"0":"post-834","1":"product","2":"type-product","3":"status-publish","4":"has-post-thumbnail","6":"product_cat-hauts-tops","8":"first","9":"instock","10":"shipping-taxable","11":"product-type-variable"},"acf":[],"_links":{"self":[{"href":"https:\/\/detox-ton-stock.org\/index.php\/wp-json\/wp\/v2\/product\/834","targetHints":{"allow":["GET"]}}],"collection":[{"href":"https:\/\/detox-ton-stock.org\/index.php\/wp-json\/wp\/v2\/product"}],"about":[{"href":"https:\/\/detox-ton-stock.org\/index.php\/wp-json\/wp\/v2\/types\/product"}],"wp:featuredmedia":[{"embeddable":true,"href":"https:\/\/detox-ton-stock.org\/index.php\/wp-json\/wp\/v2\/media\/835"}],"wp:attachment":[{"href":"https:\/\/detox-ton-stock.org\/index.php\/wp-json\/wp\/v2\/media?parent=834"}],"wp:term":[{"taxonomy":"product_brand","embeddable":true,"href":"https:\/\/detox-ton-stock.org\/index.php\/wp-json\/wp\/v2\/product_brand?post=834"},{"taxonomy":"product_cat","embeddable":true,"href":"https:\/\/detox-ton-stock.org\/index.php\/wp-json\/wp\/v2\/product_cat?post=834"},{"taxonomy":"product_tag","embeddable":true,"href":"https:\/\/detox-ton-stock.org\/index.php\/wp-json\/wp\/v2\/product_tag?post=834"}],"curies":[{"name":"wp","href":"https:\/\/api.w.org\/{rel}","templated":true}]}}