{"id":798,"date":"2024-05-20T14:26:19","date_gmt":"2024-05-20T12:26:19","guid":{"rendered":"https:\/\/detox-ton-stock.org\/?post_type=product&#038;p=798"},"modified":"2024-05-21T14:51:34","modified_gmt":"2024-05-21T12:51:34","slug":"798","status":"publish","type":"product","link":"https:\/\/detox-ton-stock.org\/index.php\/produit\/798\/","title":{"rendered":"PORTE DOR\u00c9E"},"content":{"rendered":"<p>Sweatshirt PORTE DOR\u00c9E r\u00e9alis\u00e9 \u00e0 partir de la d\u00e9construction de pantalons homme de l\u2019uniforme RATP. Kilt matelass\u00e9 ma\u00eetris\u00e9 en carr\u00e9 losange surpiqu\u00e9 fil or. Encolure ronde \u00e0 empi\u00e8cements surpiqu\u00e9s ainsi que poignets.<\/p>\n","protected":false},"excerpt":{"rendered":"<p>Sweatshirt PORTE DOR\u00c9E r\u00e9alis\u00e9 \u00e0 partir de la d\u00e9construction de pantalons homme de l\u2019uniforme RATP. Kilt matelass\u00e9 ma\u00eetris\u00e9 en carr\u00e9 losange surpiqu\u00e9 fil or. Encolure ronde \u00e0 empi\u00e8cements surpiqu\u00e9s ainsi que poignets.<\/p>\n","protected":false},"featured_media":804,"template":"","meta":{"_acf_changed":false,"_et_pb_use_builder":"","_et_pb_old_content":"","_et_gb_content_width":""},"product_brand":[],"product_cat":[39],"product_tag":[],"class_list":{"0":"post-798","1":"product","2":"type-product","3":"status-publish","4":"has-post-thumbnail","6":"product_cat-hauts-tops","8":"first","9":"instock","10":"shipping-taxable","11":"purchasable","12":"product-type-variable"},"acf":[],"_links":{"self":[{"href":"https:\/\/detox-ton-stock.org\/index.php\/wp-json\/wp\/v2\/product\/798","targetHints":{"allow":["GET"]}}],"collection":[{"href":"https:\/\/detox-ton-stock.org\/index.php\/wp-json\/wp\/v2\/product"}],"about":[{"href":"https:\/\/detox-ton-stock.org\/index.php\/wp-json\/wp\/v2\/types\/product"}],"wp:featuredmedia":[{"embeddable":true,"href":"https:\/\/detox-ton-stock.org\/index.php\/wp-json\/wp\/v2\/media\/804"}],"wp:attachment":[{"href":"https:\/\/detox-ton-stock.org\/index.php\/wp-json\/wp\/v2\/media?parent=798"}],"wp:term":[{"taxonomy":"product_brand","embeddable":true,"href":"https:\/\/detox-ton-stock.org\/index.php\/wp-json\/wp\/v2\/product_brand?post=798"},{"taxonomy":"product_cat","embeddable":true,"href":"https:\/\/detox-ton-stock.org\/index.php\/wp-json\/wp\/v2\/product_cat?post=798"},{"taxonomy":"product_tag","embeddable":true,"href":"https:\/\/detox-ton-stock.org\/index.php\/wp-json\/wp\/v2\/product_tag?post=798"}],"curies":[{"name":"wp","href":"https:\/\/api.w.org\/{rel}","templated":true}]}}