{"id":732,"date":"2024-05-20T12:38:08","date_gmt":"2024-05-20T10:38:08","guid":{"rendered":"https:\/\/detox-ton-stock.org\/?post_type=product&#038;p=732"},"modified":"2024-05-21T14:50:37","modified_gmt":"2024-05-21T12:50:37","slug":"couronnes","status":"publish","type":"product","link":"https:\/\/detox-ton-stock.org\/index.php\/produit\/couronnes\/","title":{"rendered":"COURONNES"},"content":{"rendered":"<p>Top COURONNES r\u00e9alis\u00e9 \u00e0 partir de la d\u00e9construction de pantalons homme de l\u2019uniforme RATP. Encolure bateau. Petites manches agr\u00e9ment\u00e9es de cravates RATP fronc\u00e9es d\u00e9coup\u00e9es au laser. Finition couture.<\/p>\n","protected":false},"excerpt":{"rendered":"<p>Top COURONNES r\u00e9alis\u00e9 \u00e0 partir de la d\u00e9construction de pantalons homme de l\u2019uniforme RATP. Encolure bateau. Petites manches agr\u00e9ment\u00e9es de cravates RATP fronc\u00e9es d\u00e9coup\u00e9es au laser. Finition couture.<\/p>\n","protected":false},"featured_media":738,"template":"","meta":{"_acf_changed":false,"_et_pb_use_builder":"","_et_pb_old_content":"","_et_gb_content_width":""},"product_brand":[],"product_cat":[39],"product_tag":[],"class_list":{"0":"post-732","1":"product","2":"type-product","3":"status-publish","4":"has-post-thumbnail","6":"product_cat-hauts-tops","8":"first","9":"instock","10":"shipping-taxable","11":"purchasable","12":"product-type-variable"},"acf":[],"_links":{"self":[{"href":"https:\/\/detox-ton-stock.org\/index.php\/wp-json\/wp\/v2\/product\/732","targetHints":{"allow":["GET"]}}],"collection":[{"href":"https:\/\/detox-ton-stock.org\/index.php\/wp-json\/wp\/v2\/product"}],"about":[{"href":"https:\/\/detox-ton-stock.org\/index.php\/wp-json\/wp\/v2\/types\/product"}],"wp:featuredmedia":[{"embeddable":true,"href":"https:\/\/detox-ton-stock.org\/index.php\/wp-json\/wp\/v2\/media\/738"}],"wp:attachment":[{"href":"https:\/\/detox-ton-stock.org\/index.php\/wp-json\/wp\/v2\/media?parent=732"}],"wp:term":[{"taxonomy":"product_brand","embeddable":true,"href":"https:\/\/detox-ton-stock.org\/index.php\/wp-json\/wp\/v2\/product_brand?post=732"},{"taxonomy":"product_cat","embeddable":true,"href":"https:\/\/detox-ton-stock.org\/index.php\/wp-json\/wp\/v2\/product_cat?post=732"},{"taxonomy":"product_tag","embeddable":true,"href":"https:\/\/detox-ton-stock.org\/index.php\/wp-json\/wp\/v2\/product_tag?post=732"}],"curies":[{"name":"wp","href":"https:\/\/api.w.org\/{rel}","templated":true}]}}